git of 3971294?
7
What is the thousands digit of 42515?
2
What is the units digit of 364671?
1
What is the hundred thousands digit of 1341290?
3
What is the ten thousands digit of 4944372?
4
What is the thousands digit of 74799?
4
What is the tens digit of 4743874?
7
What is the hundred thousands digit of 5285688?
2
What is the millions digit of 9841576?
9
What is the hundred thousands digit of 616392?
6
What is the hundred thousands digit of 1341369?
3
What is the units digit of 662558?
8
What is the units digit of 425841?
1
What is the hundred thousands digit of 134081?
1
What is the ten thousands digit of 1885342?
8
What is the tens digit of 392943?
4
What is the thousands digit of 45114?
5
What is the millions digit of 1633547?
1
What is the ten thousands digit of 51754?
5
What is the thousands digit of 2479571?
9
What is the units digit of 1283491?
1
What is the ten thousands digit of 110574?
1
What is the millions digit of 8543493?
8
What is the hundreds digit of 764196?
1
What is the millions digit of 1356967?
1
What is the hundred thousands digit of 1056350?
0
What is the thousands digit of 69498?
9
What is the units digit of 96638?
8
What is the units digit of 3907494?
4
What is the hundreds digit of 2109475?
4
What is the units digit of 251942?
2
What is the ten thousands digit of 324783?
2
What is the ten thousands digit of 211049?
1
What is the tens digit of 461692?
9
What is the ten thousands digit of 24244688?
4
What is the hundreds digit of 438328?
3
What is the hundred thousands digit of 770651?
7
What is the hundreds digit of 914746?
7
What is the millions digit of 3078055?
3
What is the millions digit of 2535063?
2
What is the units digit of 828284?
4
What is the thousands digit of 237925?
7
What is the thousands digit of 4415825?
5
What is the thousands digit of 2385073?
5
What is the ten thousands digit of 801444?
0
What is the hundreds digit of 3431349?
3
What is the tens digit of 537590?
9
What is the thousands digit of 225527?
5
What is the ten thousands digit of 202606?
0
What is the tens digit of 21207347?
4
What is the units digit of 11151321?
1
What is the thousands digit of 1390233?
0
What is the units digit of 3675276?
6
What is the hundred thousands digit of 18567479?
5
What is the hundreds digit of 998433?
4
What is the millions digit of 9998558?
9
What is the tens digit of 1521988?
8
What is the units digit of 1225648?
8
What is the ten thousands digit of 1275307?
7
What is the ten thousands digit of 347142?
4
What is the hundred thousands digit of 271161?
2
What is the units digit of 196341?
1
What is the units digit of 848829?
9
What is the units digit of 568691?
1
What is the hundred thousands digit of 545725?
5
What is the hundreds digit of 119108?
1
What is the millions digit of 1813121?
1
What is the hundred thousands digit of 674862?
6
What is the ten millions digit of 11755429?
1
What is the ten thousands digit of 237063?
3
What is the hundred thousands digit of 272610?
2
What is the units digit of 1567597?
7
What is the millions digit of 5480514?
5
What is the hundreds digit of 31561?
5
What is the tens digit of 192355?
5
What is the ten thousands digit of 838408?
3
What is the hundreds digit of 10741066?
0
What is the ten thousands digit of 123377?
2
What is the hundred thousands digit of 302972?
3
What is the thousands digit of 228237?
8
What is the units digit of 996805?
5
What is the hundreds digit of 1209770?
7
What is the ten thousands digit of 13408?
1
What is the millions digit of 6388621?
6
What is the hundreds digit of 919036?
0
What is the hundred thousands digit of 3658264?
6
What is the ten millions digit of 16487325?
1
What is the ten thousands digit of 188358?
8
What is the hundred thousands digit of 12182140?
1
What is the hundred thousands digit of 671225?
6
What is the units digit of 1859831?
1
What is the millions digit of 3110245?
3
What is the ten thousands digit of 447291?
4
What is the ten thousands digit of 39359222?
5
What is the hundreds digit of 33751?
7
What is the hundred thousands digit of 4015177?
0
What is the thousands digit of 306106?
6
What is the thousands digit of 9938107?
8
What is the ten thousands digit of 5035703?
3
What is the units digit of 34226747?
7
What is the hundred thousands digit of 3779496?
7
What is the ten thousands digit of 1004079?
0
What is the thousands digit of 222153?
2
What is the tens digit of 7396?
9
What is the tens digit of 198671?
7
What is the millions digit of 7251337?
7
What is the tens digit of 403446?
4
What is the ten thousands digit of 1041556?
4
What is the units digit of 8808793?
3
What is the tens digit of 1402685?
8
What is the units digit of 1475299?
9
What is the ten thousands digit of 1990280?
9
What is the thousands digit of 455970?
5
What is the tens digit of 88388?
8
What is the thousands digit of 2575140?
5
What is the thousands digit of 10675147?
5
What is the tens digit of 101247?
4
What is the tens digit of 248875?
7
What is the thousands digit of 4133024?
3
What is the thousands digit of 883388?
3
What is the hundred thousands digit of 1625495?
6
What is the thousands digit of 1436191?
6
What is the hundred thousands digit of 14278975?
2
What is the units digit of 70402?
2
What is the thousands digit of 1953301?
3
What is the hundreds digit of 3797738?
7
What is the tens digit of 923227?
2
What is the ten thousands digit of 139643?
3
What is the units digit of 3955030?
0
What is the millions digit of 11379505?
1
What is the units digit of 398918?
8
What is the tens digit of 108335?
3
What is the units digit of 4665683?
3
What is the thousands digit of 517672?
7
What is the hundred thousands digit of 301004?
3
What is the ten thousands digit of 2157986?
5
What is the hundreds digit of 45577?
5
What is the hundred thousands digit of 173997?
1
What is the hundreds digit of 2918018?
0
What is the hundred thousands digit of 846364?
8
What is the thousands digit of 406261?
6
What is the hundred thousands digit of 411487?
4
What is the units digit of 796520?
0
What is the ten thousands digit of 1348239?
4
What is the units digit of 12397023?
3
What is the tens digit of 2251419?
1
What is the hundreds digit of 241990?
9
What is the millions digit of 1683345?
1
What is the tens digit of 3794863?
6
What is the hundreds digit of 259174?
1
What is the hundreds digit of 2432381?
3
What is the hundred thousands digit of 156884?
1
What is the thousands digit of 14209934?
9
What is the units digit of 2932475?
5
What is the thousands digit of 1312235?
2
What is the tens digit of 12424587?
8
What is the millions digit of 6518406?
6
What is the units digit of 9008532?
2
What is the hundred thousands digit of 126329?
1
What is the hundred thousands digit of 648035?
6
What is the units digit of 1283450?
0
What is the hundred thousands digit of 755009?
7
What is the thousands digit of 9580?
9
What is the thousands digit of 59326?
9
What is the ten thousands digit of 293469?
9
What is the hundred thousands digit of 3989175?
9
What is the units digit of 45977?
7
What is the hundreds digit of 132828?
8
What is the units digit of 364445?
5
What is the thousands digit of 38180111?
0
What is the tens digit of 4387738?
3
What is the hundreds digit of 546346?
3
What is the thousands digit of 673478?
3
What is the ten thousands digit of 12742735?
4
What is the ten thousands digit of 261244?
6
What is the hundreds digit of 10769283?
2
What is the ten thousands digit of 3549569?
4
What is the hundreds digit of 7656276?
2
What is the tens digit of 7981705?
0
What is the millions digit of 5725220?
5
What is the units digit of 730771?
1
What is the thousands digit of 466592?
6
What is the thousands digit of 1601784?
1
What is the ten thousands digit of 7878940?
7
What is the tens digit of 1586300?
0
What is the thousands digit of 3271585?
1
What is the tens digit of 301949?
4
What is the tens digit of 810741?
4
What is the hundred thousands digit of 2759242?
7
What is the hundreds digit of 12886773?
7
What is the hundred thousands digit of 4876329?
8
What is the tens digit of 643478?
7
What is the ten thousands digit of 194348?
9
What is the thousands digit of 5973216?
3
What is the tens digit of 4413106?
0
What is the hundred thousands digit of 2